 (-4)/(-12). Suppose a + 14 = -5*j, -6*j - 16 = 2*a - 2*j. Let p be a/c + 15/(-9). Determine r(p).
1
Let t(v) be the third derivative of v**7/420 + v**6/120 - v**4/12 - v**3/6 - 3*v**2. Let w(j) be the first derivative of t(j). What is w(-2)?
-6
Let a(z) be the second derivative of -3*z**3/2 - 5*z**2/2 + z. Let d(t) = 10*t + 6. Let l(b) = 7*a(b) + 6*d(b). What is l(3)?
-8
Let c(d) = 9*d**3 + 7*d. Let x(k) = k**3 + k. Let q(h) = -2*h**2 + 5*h - 3. Let z be q(3). Let j(b) = z*x(b) + c(b). What is j(1)?
4
Let w(y) be the second derivative of -y**4/12 - y**3/2 - y**2 + 7*y. Suppose -2 = 3*s - 8. Suppose -4*o - 8 = -i + s*i, 3*o = 3*i - 21. Determine w(o).
-2
Let d(j) = -2 + 5*j + 0*j**3 + 0 + 5*j**2 - 2*j**3 + 3*j**3. Let y(k) = 3*k**3 + 14*k**2 + 14*k - 5. Let x(m) = 8*d(m) - 3*y(m). Determine x(-1).
0
Let i(p) = 8 - 4 - 1 - 4*p. What is i(3)?
-9
Let a(n) = -5*n**2 + 2*n - 1. Let k = 3 - 7. Let z = 0 - k. Suppose -4*r + 0 = -z. What is a(r)?
-4
Suppose -2 = 5*k - 12. Suppose 2*t - 2*h = 6, -k*t = 2*h + h - 6. Suppose -t*n = 2*n + 25. Let f(a) = -a + 2. What is f(n)?
7
Let i(j) = 2*j**3 + 7*j**2 + 3*j - 5. Let a(r) = r**3 + 4*r**2 + 2*r - 3. Let n(w) = -7*a(w) + 4*i(w). Give n(-2).
-3
Let x be -4 - ((-8)/(-2) - 3). Let n(s) be the second derivative of s**3/6 + s**2 - 5*s. What is n(x)?
-3
Let k(r) = -8*r - 1. Let f(i) = 8*i + 6. Let l(w) = -1. Let x(q) = f(q) + 5*l(q). Let m(h) = -2*k(h) - 3*x(h). Determine m(-1).
7
Let b(r) be the second derivative of 1/2*r**3 + 0 + r**2 - 5*r. Calculate b(-2).
-4
Suppose 4*q = -2*u, q = u - 2 + 8. Let r(o) be the first derivative of q - o**2 - 2 + 1 + 1 + 6*o. Calculate r(4).
-2
Let x(i) = 4*i**2 - i**3 + 0 + i - 3 + 2. Suppose 4*k + 0*m - 10 = m, 5*m = -3*k + 19. Give x(k).
11
Let y be (5 - (2 - 0))/1. Suppose -2*a - 2*a + 2*w = -20, y*a - w = 13. Let x(l) = l**2 - 4*l + 2. Determine x(a).
-1
Let h(b) = 3*b**3 + b - 1 - b**2 - 2*b**3 + 0*b. Suppose 3*w - 8 - 27 = -2*k, -4*w = -5*k - 62. Suppose -2*u = -7*u + x + w, -16 = -5*u + 2*x. Calculate h(u).
5
Let h(r) = -r**2 + 3*r**3 - 2*r**3 + r**2. What is h(-1)?
-1
Let p(o) = -o**3 - 483 + 484 - 2*o**3 + o**2 + 2*o + 7*o**3. Let j(f) = f**3 - 2*f**2 - f + 1. Let k be j(1). Calculate p(k).
-4
Let r(h) be the third derivative of -1/12*h**4 - 4*h**2 - 1/120*h**6 - 1/10*h**5 + 0*h + 0 + h**3. Give r(-5).
-9
Suppose b - 14 = -4*m, -5*m + 10 = 4*b - 13. Let i(x) = -x + 1. Calculate i(m).
-2
Let n(t) = -2*t**2 - 7*t + 5. Let i(l) = -l**2 - 8*l + 5. Let r(v) = -3*i(v) + 2*n(v). Determine r(6).
19
Let y(a) = -a**3 + 8*a**2 - 8*a - 1. Let i = -28 - -35. Calculate y(i).
-8
Let n = 0 - 0. Suppose -z = 2*z + 3*h, z - h - 2 = n. Let x(u) = -7*u**2 + u. Determine x(z).
-6
Let d(x) = 2*x + 1. Suppose 4*n + 1 = 5*n + w, -5*n - 35 = -5*w. Let c be d(n). Let p(g) = -g**2 - 6*g - 5. What is p(c)?
0
Let d(w) = 2*w**3 - w - 1. Suppose 9 = 5*f - k, -k - 3*k - 2 = -3*f. Suppose 5*z - f = 3. Suppose -l - z = -0. Determine d(l).
-2
Let p(c) = -3*c**2 + 3*c**3 + 2*c + 0*c**3 - 2*c**3 - 2*c**3. What is p(-3)?
-6
Let c(x) = x**3 - 4*x**2 - 2*x + 5. Let v = -6 + 9. Let g be -2 - (4 - v)*-6. Give c(g).
-3
Suppose -b + 20 = 4*b. Suppose 5*c = -5*u + 4*c - 16, -u + b = 2*c. Let s(g) = 2*g + 1. What is s(u)?
-7
Let l(y) = -6*y**2 - 1. Suppose 0 = -3*h - 2*a + 1, -4*a - 2 = -3*h - 13. Calculate l(h).
-7
Let l(h) be the first derivative of 1/2*h**2 - 11*h - 5. Determine l(5).
-6
Let q = -4 - -8. Let k(l) = -5*l**3 - 11*l**2 + 8*l. Let d(j) = 11*j**3 + 23*j**2 - 17*j. Let p(z) = 6*d(z) + 13*k(z). What is p(q)?
-8
Let a(m) be the first derivative of m**4/4 - 7*m**3/3 + 2*m**2 + 6*m + 33. What is a(6)?
-6
Let y(q) = q**3 + q**2 - q. Let s(u) = u**2 - 8*u + 1. Let n be s(7). Let l(g) = -4*g**3 - 5*g**2 + 6*g - 1. Let o(x) = n*y(x) - l(x). Give o(1).
-2
Let c(g) = -g. Let y = -15 + 9. Determine c(y).
6
Let u(y) = y**2 - 7*y + 2. Suppose 2 + 2 = 2*w. Suppose -w*i = -2*n + 20, -4*i - i = 20. What is u(n)?
-4
Let b(m) = m**2 + 5*m + 1. Let o = 19 + -14. Let f be (-1)/(8/10 - 1). Suppose s = -0*s + f*v - 19, 3*v - o = -s. What is b(s)?
-3
Let q(b) = 6 + b**2 + b**3 - 5*b - 2*b - 4*b**2. What is q(4)?
-6
Suppose -1 = -7*x + 20. Let w(c) be the first derivative of -x - 7/2*c**2 - 5*c - 1/4*c**4 - 2*c**3. Give w(-4).
-9
Let q(b) be the second derivative of -b**5/20 + b**4/12 + 2*b**3/3 - 2*b**2 + 13*b. Calculate q(3).
-10
Let f(m) = m**3 - m**2 + 2*m - 1. Suppose d - 6*d + 10 = 0. Calculate f(d).
7
Let k(f) be the second derivative of -f**2 - 1/12*f**4 + 0 - 4*f - 2/3*f**3. Suppose -3*p - 19 = -d, -4 = -p + 5*p + 4*d. Determine k(p).
-7
Let g(a) = 3*a**2 - 5*a + 1. Let b(f) be the third derivative of -f**5/60 - f**4/24 - f**3/6 - f**2. Let h(p) = -4*b(p) - g(p). Give h(-6).
-15
Let w(b) = -2 + 4 - 1 + 12*b - 10*b. Give w(2).
5
Let w(p) = -7 - 4 + 2*p - 4. Let g(d) = -d + 8. Let j(q) = 11*g(q) + 6*w(q). Calculate j(6).
4
Let g(y) = -37*y**2 + 10*y - 4. Let s(l) = 25*l**2 - 7*l + 3. Let i(o) = 5*g(o) + 7*s(o). What is i(-1)?
-10
Let h be 24/11 - 2/11. Let v(b) be the second derivative of -1/20*b**5 - 1/3*b**3 + 1/3*b**4 + h*b**2 + 0 + 2*b. Give v(4).
-4
Let p = -4 + 2. Let h(q) = -9*q - 15. Let l(m) = 5*m + 8. Let y(x) = -4*h(x) - 7*l(x). Give y(p).
2
Let r(l) be the first derivative of l**6/360 - l**5/30 - l**4/6 + 4*l**3/3 + 4. Let y(m) be the third derivative of r(m). Determine y(6).
8
Let v be (4 - 0) + (-3)/3. Let z = -1 - v. Let m(t) be the second derivative of t**3/6 - t**2 - 2*t. What is m(z)?
-6
Let o(p) = -11*p + 9. Let j = 4 + -1. Let d be j + (-14 - -3)*1. Let n(v) = 4*v - 3. Let b(k) = d*n(k) - 3*o(k). What is b(0)?
-3
Let a(i) = i**3 - 4*i. Let s be (-1)/3 + (-16)/6. Give a(s).
-15
Let x(o) = 5*o - 3*o - o**3 - 4 + 3*o**2 + 1. Suppose -2*j + 3*q + 6 = -7, -2*j + 7 = -q. Suppose -5*v + 24 = h + 4, 25 = 5*v + j*h. Determine x(v).
3
Let i(a) = a + 9. Let l be ((-23)/(-46))/(2 + (-66)/32). Calculate i(l).
1
Let p(y) be the third derivative of 1/24*y**4 + 5/6*y**3 + 0 + 0*y - 4*y**2. Determine p(-3).
2
Let v(m) = m. Let l(a) = -a. Let f(n) = -6*l(n) - 5*v(n). Let y(h) = -h + 19. Let u be y(20). Calculate f(u).
-1
Suppose -h = -2*p - 7, -p + 0*p + h - 6 = 0. Let t(b) = 2 + b**3 + b + b**2 - 1 - 8*b**3. Determine t(p).
8
Let f(i) = i + 5. Let p be 4 - (-6)/(3 + 0). Determine f(p).
11
Let v be 1*70/21*12/10. Let u(d) = -d**3 + 4*d**2 - 2. What is u(v)?
-2
Let p(a) = -1. Let x(k) = 3*k - 3. Let w(n) = 2*p(n) - x(n). Let j(u) = u**3 - u**2 + u + 1. Let f be j(-1). Let d be 0 + 2/(f - -3). Determine w(d).
-5
Let g(f) be the third derivative of 0*f + 0*f**3 + 1/3*f**4 + 0 - 2*f**2. Let o(q) = 16*q. Let p(r) = 5*g(r) - 3*o(r). What is p(1)?
-8
Let f(a) = a**2 + a - 3. Let n be f(-3). Suppose d - 16 = -n*d. Let r(o) = o + 1. What is r(d)?
5
Suppose -6*i + 8*i = 12. Suppose 4*t + 0 - i = -j, -j + 2*t = 0. Let q(l) = -l**3 + 2*l**2 + 2*l - 3. Give q(j).
1
Let j(u) = u**3 - u - 4. Let t be j(0). Let v = t - -9. Let x(y) = 2*y + 2*y**2 - 8*y - y**2 - 3. Determine x(v).
-8
Let t(p) be the first derivative of p**4/4 - 4*p**3/3 + p**2 - 3*p + 1. Let c(j) = j + 14. Let n be c(-12). Determine t(n).
-7
Let k(x) = 4*x - 3 - 3*x**2 + x + 2*x**2. Suppose -3*b + 8 - 2 = 0. What is k(b)?
3
Let k(f) be the first derivative of -f**2 - 7*f + 4. Give k(-6).
5
Let d(s) = -s**2 + 4*s + 4. Suppose -2*a + 3*u + 0*u = -15, 4*u = a - 10. Determine d(a).
-8
Let a(u) = -2*u + 16. Let i be a(8). Let q(d) be the third derivative of -1/4*d**4 + i*d + 0 + 1/60*d**5 + 2*d**2 + 2/3*d**3. Give q(4).
-4
Let h be 2/6 - ((-50)/(-6) + -1). Let y(q) = -2*q - 4. What is y(h)?
10
Let n(k) = -k**3 - 5*k**2 - 3*k - 3. Suppose 4*z + z = 2*y, 4*y - z + 18 = 0. Calculate n(y).
12
Suppose 5*q = 22 - 2. Let a(t) = -2*t**2 + 6*t - 4. Let k(c) = -4*c**2 + 120*c - 119*c + 1 + 3*c**2. Let v(z) = a(z) - k(z). Calculate v(q).
-1
Let h be (2/6)/(7/21). Let u(p) = 2*p**2 - p - 7*p**2 + 2*p. Give u(h).
-4
Suppose 0 = 4*m + m + 5, -25 = 4*x - 3*m. Let s(i) = -i**2 - 9*i - 4. Give s(x).
10
Let a(j) = -9*j**3 + 7*j**2 - 5*j + 6. Let k(i) = -26*i**3 + 20*i**2 - 14*i + 17. Let b(p) = -17*a(p) + 6*k(p). Give b(-1).
3
Let l(z) be the first derivative of z**3/3 + 4*z**2 - z - 6. Give l(-9).
8
Let a(m) = 4*m + 16. Let i(w) = 2*w + 9. Let q(u) = 6*a(u) - 11*i(u). Give q(4).
5